{"id":496,"date":"2025-09-16T21:10:08","date_gmt":"2025-09-16T19:10:08","guid":{"rendered":"https:\/\/feuerwehr-edenbergen.de\/?page_id=496"},"modified":"2025-09-23T17:34:03","modified_gmt":"2025-09-23T15:34:03","slug":"altes-feuerwehrhaus","status":"publish","type":"page","link":"https:\/\/feuerwehr-edenbergen.de\/index.php\/altes-feuerwehrhaus\/","title":{"rendered":"altes Feuerwehrhaus"},"content":{"rendered":"\n<div style=\"height:69px\" aria-hidden=\"true\" class=\"wp-block-spacer\"><\/div>\n\n\n\n<div class=\"wp-block-cover alignfull has-parallax wp-duotone-1c2d4e-abaaaa-1\" style=\"margin-top:0;padding-top:5vw;padding-right:5vw;padding-bottom:5vw;padding-left:5vw;min-height:1387px;aspect-ratio:unset;\"><div role=\"img\" aria-label=\"Altes Feuerwehrhaus Edenbergen\" class=\"wp-block-cover__image-background wp-image-318 size-large has-parallax\" style=\"background-position:50% 50%;background-image:url(https:\/\/feuerwehr-edenbergen.de\/wp-content\/uploads\/2025\/08\/altes-Feuerwehrhaus-1024x683.jpg)\"><\/div><span aria-hidden=\"true\" class=\"wp-block-cover__background has-background-dim-70 has-background-dim\" style=\"background-color:#1c2d4e\"><\/span><div class=\"wp-block-cover__inner-container is-layout-flow wp-block-cover-is-layout-flow\">\n<div class=\"wp-block-columns alignwide are-vertically-aligned-top is-layout-flex wp-container-core-columns-is-layout-08c01c1c wp-block-columns-is-layout-flex\">\n<div class=\"wp-block-column is-vertically-aligned-top is-layout-flow wp-block-column-is-layout-flow\">\n<div class=\"wp-block-group wp-container-content-231d8afb is-vertical is-content-justification-left is-nowrap is-layout-flex wp-container-core-group-is-layout-d439c89b wp-block-group-is-layout-flex\" style=\"margin-top:0;margin-bottom:0\">\n<figure class=\"wp-block-image size-large wp-container-content-0733e5d0\"><img loading=\"lazy\" decoding=\"async\" width=\"1024\" height=\"768\" src=\"https:\/\/feuerwehr-edenbergen.de\/wp-content\/uploads\/2025\/08\/Abriss-Feuerwehrhaus-Edenbergen-1024x768.jpg\" alt=\"Abriss Feuerwehrhaus Edenbergen\" class=\"wp-image-322\" srcset=\"https:\/\/feuerwehr-edenbergen.de\/wp-content\/uploads\/2025\/08\/Abriss-Feuerwehrhaus-Edenbergen-1024x768.jpg 1024w, https:\/\/feuerwehr-edenbergen.de\/wp-content\/uploads\/2025\/08\/Abriss-Feuerwehrhaus-Edenbergen-300x225.jpg 300w, https:\/\/feuerwehr-edenbergen.de\/wp-content\/uploads\/2025\/08\/Abriss-Feuerwehrhaus-Edenbergen-768x576.jpg 768w, https:\/\/feuerwehr-edenbergen.de\/wp-content\/uploads\/2025\/08\/Abriss-Feuerwehrhaus-Edenbergen-1536x1152.jpg 1536w, https:\/\/feuerwehr-edenbergen.de\/wp-content\/uploads\/2025\/08\/Abriss-Feuerwehrhaus-Edenbergen-2048x1536.jpg 2048w\" sizes=\"auto, (max-width: 1024px) 100vw, 1024px\" \/><figcaption class=\"wp-element-caption\">Abriss Feuerwehrhaus Edenbergen<\/figcaption><\/figure>\n\n\n\n<div style=\"height:141px\" aria-hidden=\"true\" class=\"wp-block-spacer wp-container-content-b730aae2\"><\/div>\n\n\n\n<div class=\"wp-block-group is-vertical is-nowrap is-layout-flex wp-container-core-group-is-layout-5280e479 wp-block-group-is-layout-flex\">\n<p class=\"has-large-font-size\">Besonders pr\u00e4gnant war das Gem\u00e4lde auf der Ostseite des Feuerwehrhauses, welches von Helmut R\u00f6hm gemalt wurde. Mit seinem alten Charme schaffte es das Geb\u00e4ude auch in das Fotobuch des Landkreises Augsburg zum 50 j\u00e4hrigen Jubil\u00e4um<\/p>\n<\/div>\n<\/div>\n<\/div>\n\n\n\n<div class=\"wp-block-column is-vertically-aligned-top is-layout-flow wp-block-column-is-layout-flow\">\n<div class=\"wp-block-group wp-container-content-231d8afb is-vertical is-layout-flex wp-container-core-group-is-layout-05b43539 wp-block-group-is-layout-flex\" style=\"margin-top:0;margin-bottom:0\">\n<div class=\"wp-block-group is-vertical is-nowrap is-layout-flex wp-container-core-group-is-layout-5280e479 wp-block-group-is-layout-flex\">\n<div style=\"height:140px\" aria-hidden=\"true\" class=\"wp-block-spacer wp-container-content-7bd266f9\"><\/div>\n\n\n\n<p class=\"has-large-font-size\">Unser ehemaliges Feuerwehrhaus wurde 1934 erbaut und ersetzte das urspr\u00fcngliche Geb\u00e4ude von 1886. Das Geb\u00e4ude stand im Ortszentrum von Edenbergen und hatte einen Fahrzeugstellplatz. Im Zuge der Neubauarbeiten wurde es im Jahr 2024 abgerissen.<\/p>\n<\/div>\n\n\n\n<div style=\"height:192px\" aria-hidden=\"true\" class=\"wp-block-spacer wp-container-content-b1f91221\"><\/div>\n\n\n\n<figure class=\"wp-block-image size-large\" style=\"font-size:14px\"><img loading=\"lazy\" decoding=\"async\" width=\"1024\" height=\"683\" src=\"https:\/\/feuerwehr-edenbergen.de\/wp-content\/uploads\/2025\/08\/altes-Feuerwehrhaus-1024x683.jpg\" alt=\"Altes Feuerwehrhaus Edenbergen\" class=\"wp-image-318\" srcset=\"https:\/\/feuerwehr-edenbergen.de\/wp-content\/uploads\/2025\/08\/altes-Feuerwehrhaus-1024x683.jpg 1024w, https:\/\/feuerwehr-edenbergen.de\/wp-content\/uploads\/2025\/08\/altes-Feuerwehrhaus-300x200.jpg 300w, https:\/\/feuerwehr-edenbergen.de\/wp-content\/uploads\/2025\/08\/altes-Feuerwehrhaus-768x512.jpg 768w, https:\/\/feuerwehr-edenbergen.de\/wp-content\/uploads\/2025\/08\/altes-Feuerwehrhaus-1536x1024.jpg 1536w, https:\/\/feuerwehr-edenbergen.de\/wp-content\/uploads\/2025\/08\/altes-Feuerwehrhaus-2048x1365.jpg 2048w\" sizes=\"auto, (max-width: 1024px) 100vw, 1024px\" \/><figcaption class=\"wp-element-caption\">Altes Feuerwehrhaus Edenbergen<\/figcaption><\/figure>\n<\/div>\n<\/div>\n<\/div>\n<\/div><\/div>\n\n\n\n<p><\/p>\n","protected":false},"excerpt":{"rendered":"","protected":false},"author":4,"featured_media":0,"parent":0,"menu_order":0,"comment_status":"closed","ping_status":"closed","template":"","meta":{"footnotes":""},"class_list":["post-496","page","type-page","status-publish","hentry"],"jetpack_sharing_enabled":true,"_links":{"self":[{"href":"https:\/\/feuerwehr-edenbergen.de\/index.php\/wp-json\/wp\/v2\/pages\/496","targetHints":{"allow":["GET"]}}],"collection":[{"href":"https:\/\/feuerwehr-edenbergen.de\/index.php\/wp-json\/wp\/v2\/pages"}],"about":[{"href":"https:\/\/feuerwehr-edenbergen.de\/index.php\/wp-json\/wp\/v2\/types\/page"}],"author":[{"embeddable":true,"href":"https:\/\/feuerwehr-edenbergen.de\/index.php\/wp-json\/wp\/v2\/users\/4"}],"replies":[{"embeddable":true,"href":"https:\/\/feuerwehr-edenbergen.de\/index.php\/wp-json\/wp\/v2\/comments?post=496"}],"version-history":[{"count":7,"href":"https:\/\/feuerwehr-edenbergen.de\/index.php\/wp-json\/wp\/v2\/pages\/496\/revisions"}],"predecessor-version":[{"id":846,"href":"https:\/\/feuerwehr-edenbergen.de\/index.php\/wp-json\/wp\/v2\/pages\/496\/revisions\/846"}],"wp:attachment":[{"href":"https:\/\/feuerwehr-edenbergen.de\/index.php\/wp-json\/wp\/v2\/media?parent=496"}],"curies":[{"name":"wp","href":"https:\/\/api.w.org\/{rel}","templated":true}]}}