{"id":501,"date":"2025-09-16T21:11:23","date_gmt":"2025-09-16T19:11:23","guid":{"rendered":"https:\/\/feuerwehr-edenbergen.de\/?page_id=501"},"modified":"2025-09-27T18:13:44","modified_gmt":"2025-09-27T16:13:44","slug":"festdamen","status":"publish","type":"page","link":"https:\/\/feuerwehr-edenbergen.de\/index.php\/festdamen\/","title":{"rendered":"Festdamen"},"content":{"rendered":"\n<div style=\"height:29px\" aria-hidden=\"true\" class=\"wp-block-spacer\"><\/div>\n\n\n\n<div class=\"wp-block-cover alignfull has-parallax wp-duotone-1c2d4e-abaaaa-1\" style=\"margin-top:0;padding-top:5vw;padding-right:5vw;padding-bottom:5vw;padding-left:5vw\"><div role=\"img\" aria-label=\"Festabzeichen Feuerwehr Edenbergen 2026\" class=\"wp-block-cover__image-background wp-image-269 size-large has-parallax\" style=\"background-position:50% 50%;background-image:url(https:\/\/feuerwehr-edenbergen.de\/wp-content\/uploads\/2025\/08\/20250728_161715-577x1024.jpg)\"><\/div><span aria-hidden=\"true\" class=\"wp-block-cover__background has-background-dim-70 has-background-dim\" style=\"background-color:#1c2d4e\"><\/span><div class=\"wp-block-cover__inner-container is-layout-flow wp-block-cover-is-layout-flow\">\n<div class=\"wp-block-group alignfull has-global-padding is-layout-constrained wp-container-core-group-is-layout-190373c5 wp-block-group-is-layout-constrained\" style=\"margin-top:0;margin-bottom:0;padding-top:var(--wp--preset--spacing--50);padding-bottom:var(--wp--preset--spacing--50)\">\n<div class=\"wp-block-columns alignwide is-layout-flex wp-container-core-columns-is-layout-dd688282 wp-block-columns-is-layout-flex\" style=\"padding-top:var(--wp--preset--spacing--60);padding-bottom:var(--wp--preset--spacing--60)\">\n<div class=\"wp-block-column is-vertically-aligned-stretch is-layout-flow wp-container-core-column-is-layout-29f786c9 wp-block-column-is-layout-flow\" style=\"padding-top:var(--wp--preset--spacing--50)\">\n<figure class=\"wp-block-image aligncenter size-full is-resized\"><img loading=\"lazy\" decoding=\"async\" width=\"1200\" height=\"1600\" src=\"https:\/\/feuerwehr-edenbergen.de\/wp-content\/uploads\/2025\/09\/IMG-20250922-WA0006.jpg\" alt=\"Anna\" class=\"wp-image-800\" style=\"width:259px;height:auto\" srcset=\"https:\/\/feuerwehr-edenbergen.de\/wp-content\/uploads\/2025\/09\/IMG-20250922-WA0006.jpg 1200w, https:\/\/feuerwehr-edenbergen.de\/wp-content\/uploads\/2025\/09\/IMG-20250922-WA0006-225x300.jpg 225w, https:\/\/feuerwehr-edenbergen.de\/wp-content\/uploads\/2025\/09\/IMG-20250922-WA0006-768x1024.jpg 768w, https:\/\/feuerwehr-edenbergen.de\/wp-content\/uploads\/2025\/09\/IMG-20250922-WA0006-1152x1536.jpg 1152w\" sizes=\"auto, (max-width: 1200px) 100vw, 1200px\" \/><\/figure>\n\n\n\n<div style=\"height:25px\" aria-hidden=\"true\" class=\"wp-block-spacer\"><\/div>\n\n\n\n<p class=\"has-text-align-center has-x-large-font-size\"><strong>Anna<\/strong><\/p>\n\n\n\n<div style=\"height:25px\" aria-hidden=\"true\" class=\"wp-block-spacer\"><\/div>\n\n\n\n<figure class=\"wp-block-table has-medium-font-size\"><table class=\"has-fixed-layout\" style=\"border-style:none;border-width:0px\"><tbody><tr><td><strong>Beruf:<\/strong> Sch\u00fclerin<br><br><\/td><\/tr><tr><td>Hobbies: reiten, Tennis spielen, Feuerwehr, skifahren<br><\/td><\/tr><tr><td>Warum freue ich mich, Festdame zu sein: Ich freue mich, unser Dorf repr\u00e4sentieren zu d\u00fcrfen und aktiv dabei zu sein, vor allem liebe ich die Stimmung auf den Festen und die lustigen Momente.<br><\/td><\/tr><\/tbody><\/table><\/figure>\n<\/div>\n\n\n\n<div class=\"wp-block-column is-vertically-aligned-stretch is-layout-flow wp-container-core-column-is-layout-29f786c9 wp-block-column-is-layout-flow\" style=\"padding-top:var(--wp--preset--spacing--50)\">\n<figure class=\"wp-block-image aligncenter size-full is-resized\"><img loading=\"lazy\" decoding=\"async\" width=\"1278\" height=\"1600\" src=\"https:\/\/feuerwehr-edenbergen.de\/wp-content\/uploads\/2025\/09\/IMG-20250922-WA0007.jpg\" alt=\"Anne\" class=\"wp-image-799\" style=\"width:274px;height:auto\" srcset=\"https:\/\/feuerwehr-edenbergen.de\/wp-content\/uploads\/2025\/09\/IMG-20250922-WA0007.jpg 1278w, https:\/\/feuerwehr-edenbergen.de\/wp-content\/uploads\/2025\/09\/IMG-20250922-WA0007-240x300.jpg 240w, https:\/\/feuerwehr-edenbergen.de\/wp-content\/uploads\/2025\/09\/IMG-20250922-WA0007-818x1024.jpg 818w, https:\/\/feuerwehr-edenbergen.de\/wp-content\/uploads\/2025\/09\/IMG-20250922-WA0007-768x962.jpg 768w, https:\/\/feuerwehr-edenbergen.de\/wp-content\/uploads\/2025\/09\/IMG-20250922-WA0007-1227x1536.jpg 1227w\" sizes=\"auto, (max-width: 1278px) 100vw, 1278px\" \/><\/figure>\n\n\n\n<div style=\"height:25px\" aria-hidden=\"true\" class=\"wp-block-spacer\"><\/div>\n\n\n\n<p class=\"has-text-align-center has-x-large-font-size\"><strong>Anne<\/strong><\/p>\n\n\n\n<div style=\"height:25px\" aria-hidden=\"true\" class=\"wp-block-spacer\"><\/div>\n\n\n\n<figure class=\"wp-block-table has-medium-font-size\"><table class=\"has-fixed-layout\" style=\"border-style:none;border-width:0px\"><tbody><tr><td>Beruf: Heilerziehungspflegerin, Studium Soziale Arbeit<br><\/td><\/tr><tr><td>Hobbies: wandern, skifahren, Klarinette spielen, reisen<br><\/td><\/tr><tr><td>Warum freue ich mich, Festdame zu sein: Ich finde es beeindruckend, was eine Dorfgemeinschaft auf die Beine stellen kann. Gerne m\u00f6chte ich ein Teil davon sein und beim Fest aktiv mitwirken<br><\/td><\/tr><\/tbody><\/table><\/figure>\n<\/div>\n\n\n\n<div class=\"wp-block-column is-vertically-aligned-stretch is-layout-flow wp-container-core-column-is-layout-29f786c9 wp-block-column-is-layout-flow\" style=\"padding-top:var(--wp--preset--spacing--50)\">\n<figure class=\"wp-block-image aligncenter size-full is-resized\"><img loading=\"lazy\" decoding=\"async\" width=\"1288\" height=\"1600\" src=\"https:\/\/feuerwehr-edenbergen.de\/wp-content\/uploads\/2025\/09\/IMG-20250922-WA0008.jpg\" alt=\"Annika\" class=\"wp-image-798\" style=\"width:274px;height:auto\" srcset=\"https:\/\/feuerwehr-edenbergen.de\/wp-content\/uploads\/2025\/09\/IMG-20250922-WA0008.jpg 1288w, https:\/\/feuerwehr-edenbergen.de\/wp-content\/uploads\/2025\/09\/IMG-20250922-WA0008-242x300.jpg 242w, https:\/\/feuerwehr-edenbergen.de\/wp-content\/uploads\/2025\/09\/IMG-20250922-WA0008-824x1024.jpg 824w, https:\/\/feuerwehr-edenbergen.de\/wp-content\/uploads\/2025\/09\/IMG-20250922-WA0008-768x954.jpg 768w, https:\/\/feuerwehr-edenbergen.de\/wp-content\/uploads\/2025\/09\/IMG-20250922-WA0008-1236x1536.jpg 1236w\" sizes=\"auto, (max-width: 1288px) 100vw, 1288px\" \/><\/figure>\n\n\n\n<div style=\"height:25px\" aria-hidden=\"true\" class=\"wp-block-spacer\"><\/div>\n\n\n\n<p class=\"has-text-align-center has-x-large-font-size\"><strong>Annika<\/strong><\/p>\n\n\n\n<div style=\"height:25px\" aria-hidden=\"true\" class=\"wp-block-spacer\"><\/div>\n\n\n\n<figure class=\"wp-block-table has-medium-font-size\"><table class=\"has-fixed-layout\" style=\"border-style:none;border-width:0px\"><tbody><tr><td>Beruf: Studentin Wirtschaftsingenieurwesen<br><br><\/td><\/tr><tr><td>Hobbies: Saxophon spielen, reiten, Feuerwehr, eisbaden, reisen<br><\/td><\/tr><tr><td>Warum freue ich mich, Festdame zu sein: Ich freue mich Festdame zu sein, weil ich zeigen m\u00f6chte, dass auch unser kleiner Ort Gro\u00dfes auf die Beine stellen kann<br><br><\/td><\/tr><\/tbody><\/table><\/figure>\n<\/div>\n<\/div>\n<\/div>\n\n\n\n<div class=\"wp-block-group alignfull has-global-padding is-layout-constrained wp-container-core-group-is-layout-fdabefd0 wp-block-group-is-layout-constrained\" style=\"margin-top:0;margin-bottom:0;padding-top:0;padding-bottom:0\">\n<div class=\"wp-block-columns alignwide is-layout-flex wp-container-core-columns-is-layout-dd688282 wp-block-columns-is-layout-flex\" style=\"padding-top:var(--wp--preset--spacing--60);padding-bottom:var(--wp--preset--spacing--60)\">\n<div class=\"wp-block-column is-vertically-aligned-stretch is-layout-flow wp-container-core-column-is-layout-29f786c9 wp-block-column-is-layout-flow\" style=\"padding-top:var(--wp--preset--spacing--50)\">\n<figure class=\"wp-block-image aligncenter size-full is-resized\"><img loading=\"lazy\" decoding=\"async\" width=\"1200\" height=\"1600\" src=\"https:\/\/feuerwehr-edenbergen.de\/wp-content\/uploads\/2025\/09\/IMG-20250922-WA0009.jpg\" alt=\"Antonia\" class=\"wp-image-797\" style=\"width:296px;height:auto\" srcset=\"https:\/\/feuerwehr-edenbergen.de\/wp-content\/uploads\/2025\/09\/IMG-20250922-WA0009.jpg 1200w, https:\/\/feuerwehr-edenbergen.de\/wp-content\/uploads\/2025\/09\/IMG-20250922-WA0009-225x300.jpg 225w, https:\/\/feuerwehr-edenbergen.de\/wp-content\/uploads\/2025\/09\/IMG-20250922-WA0009-768x1024.jpg 768w, https:\/\/feuerwehr-edenbergen.de\/wp-content\/uploads\/2025\/09\/IMG-20250922-WA0009-1152x1536.jpg 1152w\" sizes=\"auto, (max-width: 1200px) 100vw, 1200px\" \/><\/figure>\n\n\n\n<div style=\"height:25px\" aria-hidden=\"true\" class=\"wp-block-spacer\"><\/div>\n\n\n\n<p class=\"has-text-align-center has-x-large-font-size\"><strong>Antonia<\/strong><\/p>\n\n\n\n<div style=\"height:25px\" aria-hidden=\"true\" class=\"wp-block-spacer\"><\/div>\n\n\n\n<figure class=\"wp-block-table has-medium-font-size\"><table class=\"has-fixed-layout\" style=\"border-style:none;border-width:0px\"><tbody><tr><td><strong><mark style=\"background-color:rgba(0, 0, 0, 0)\" class=\"has-inline-color has-base-color\">Beruf<\/mark><\/strong>: Studentin Technisches Design<br><\/td><\/tr><tr><td>Hobbies: Freunde treffen, Fahrrad fahren, snowboarden, kochen\/backen<br><\/td><\/tr><tr><td>Warum freue ich mich, Festdame zu sein: Weil es f\u00fcr mich ein besonderes Gl\u00fcck ist, gerade zu diesem Jubil\u00e4um Festdame sein zu d\u00fcrfen und ich mich schon sehr auf das gemeinsame Feiern und viele sch\u00f6ne Erinnerungen freue<br><br><\/td><\/tr><\/tbody><\/table><\/figure>\n<\/div>\n\n\n\n<div class=\"wp-block-column is-vertically-aligned-stretch is-layout-flow wp-container-core-column-is-layout-29f786c9 wp-block-column-is-layout-flow\" style=\"padding-top:var(--wp--preset--spacing--50)\">\n<figure class=\"wp-block-image aligncenter size-full is-resized\"><img loading=\"lazy\" decoding=\"async\" width=\"1200\" height=\"1600\" src=\"https:\/\/feuerwehr-edenbergen.de\/wp-content\/uploads\/2025\/09\/IMG-20250922-WA0010.jpg\" alt=\"Karla\" class=\"wp-image-796\" style=\"width:296px;height:auto\" srcset=\"https:\/\/feuerwehr-edenbergen.de\/wp-content\/uploads\/2025\/09\/IMG-20250922-WA0010.jpg 1200w, https:\/\/feuerwehr-edenbergen.de\/wp-content\/uploads\/2025\/09\/IMG-20250922-WA0010-225x300.jpg 225w, https:\/\/feuerwehr-edenbergen.de\/wp-content\/uploads\/2025\/09\/IMG-20250922-WA0010-768x1024.jpg 768w, https:\/\/feuerwehr-edenbergen.de\/wp-content\/uploads\/2025\/09\/IMG-20250922-WA0010-1152x1536.jpg 1152w\" sizes=\"auto, (max-width: 1200px) 100vw, 1200px\" \/><\/figure>\n\n\n\n<div style=\"height:25px\" aria-hidden=\"true\" class=\"wp-block-spacer\"><\/div>\n\n\n\n<p class=\"has-text-align-center has-x-large-font-size\"><strong>Karla<\/strong><\/p>\n\n\n\n<div style=\"height:25px\" aria-hidden=\"true\" class=\"wp-block-spacer\"><\/div>\n\n\n\n<figure class=\"wp-block-table has-medium-font-size\"><table class=\"has-fixed-layout\" style=\"border-style:none;border-width:0px\"><tbody><tr><td>Beruf: Studentin Medizin<br><\/td><\/tr><tr><td>Hobbies: wandern, Trompete spielen, skifahren, Feuerwehr, h\u00e4keln<br><\/td><\/tr><tr><td>Warum freue ich mich, Festdame zu sein: Ich freue mich darauf als Festdame meine Heimat und unsere Feuerwehr zu vertreten, weil es mir sehr viel bedeutet, Teil dieser Gemeinschaft zu sein.<br><br><\/td><\/tr><\/tbody><\/table><\/figure>\n<\/div>\n\n\n\n<div class=\"wp-block-column is-vertically-aligned-stretch is-layout-flow wp-container-core-column-is-layout-29f786c9 wp-block-column-is-layout-flow\" style=\"padding-top:var(--wp--preset--spacing--50)\">\n<figure class=\"wp-block-image aligncenter size-full is-resized\"><img loading=\"lazy\" decoding=\"async\" width=\"1200\" height=\"1600\" src=\"https:\/\/feuerwehr-edenbergen.de\/wp-content\/uploads\/2025\/09\/IMG-20250922-WA0014.jpg\" alt=\"Lea\" class=\"wp-image-793\" style=\"width:296px;height:auto\" srcset=\"https:\/\/feuerwehr-edenbergen.de\/wp-content\/uploads\/2025\/09\/IMG-20250922-WA0014.jpg 1200w, https:\/\/feuerwehr-edenbergen.de\/wp-content\/uploads\/2025\/09\/IMG-20250922-WA0014-225x300.jpg 225w, https:\/\/feuerwehr-edenbergen.de\/wp-content\/uploads\/2025\/09\/IMG-20250922-WA0014-768x1024.jpg 768w, https:\/\/feuerwehr-edenbergen.de\/wp-content\/uploads\/2025\/09\/IMG-20250922-WA0014-1152x1536.jpg 1152w\" sizes=\"auto, (max-width: 1200px) 100vw, 1200px\" \/><\/figure>\n\n\n\n<div style=\"height:25px\" aria-hidden=\"true\" class=\"wp-block-spacer\"><\/div>\n\n\n\n<p class=\"has-text-align-center has-x-large-font-size\"><strong>Lea<\/strong><\/p>\n\n\n\n<div style=\"height:25px\" aria-hidden=\"true\" class=\"wp-block-spacer\"><\/div>\n\n\n\n<figure class=\"wp-block-table has-medium-font-size\"><table class=\"has-fixed-layout\" style=\"border-style:none;border-width:0px\"><tbody><tr><td>Beruf: Sch\u00fclerin<br><\/td><\/tr><tr><td>Hobbies: skifahren, Feuerwehr<br><br><\/td><\/tr><tr><td>Warum freue ich mich, Festdame zu sein: ich freue mich darauf, unser Dorf zu repr\u00e4sentieren, gemeinsam viele sch\u00f6ne und lustige Momente zu erleben und die gute Stimmung im Festzelt zu genie\u00dfen<br><br><\/td><\/tr><\/tbody><\/table><\/figure>\n<\/div>\n<\/div>\n<\/div>\n\n\n\n<div class=\"wp-block-group alignfull has-global-padding is-layout-constrained wp-container-core-group-is-layout-190373c5 wp-block-group-is-layout-constrained\" style=\"margin-top:0;margin-bottom:0;padding-top:var(--wp--preset--spacing--50);padding-bottom:var(--wp--preset--spacing--50)\">\n<div class=\"wp-block-columns alignwide is-layout-flex wp-container-core-columns-is-layout-dd688282 wp-block-columns-is-layout-flex\" style=\"padding-top:var(--wp--preset--spacing--60);padding-bottom:var(--wp--preset--spacing--60)\">\n<div class=\"wp-block-column is-vertically-aligned-stretch is-layout-flow wp-container-core-column-is-layout-29f786c9 wp-block-column-is-layout-flow\" style=\"padding-top:var(--wp--preset--spacing--50)\">\n<figure class=\"wp-block-image aligncenter size-full is-resized\"><img loading=\"lazy\" decoding=\"async\" width=\"1200\" height=\"1600\" src=\"https:\/\/feuerwehr-edenbergen.de\/wp-content\/uploads\/2025\/09\/IMG-20250922-WA0012.jpg\" alt=\"Sophia\" class=\"wp-image-795\" style=\"width:296px;height:auto\" srcset=\"https:\/\/feuerwehr-edenbergen.de\/wp-content\/uploads\/2025\/09\/IMG-20250922-WA0012.jpg 1200w, https:\/\/feuerwehr-edenbergen.de\/wp-content\/uploads\/2025\/09\/IMG-20250922-WA0012-225x300.jpg 225w, https:\/\/feuerwehr-edenbergen.de\/wp-content\/uploads\/2025\/09\/IMG-20250922-WA0012-768x1024.jpg 768w, https:\/\/feuerwehr-edenbergen.de\/wp-content\/uploads\/2025\/09\/IMG-20250922-WA0012-1152x1536.jpg 1152w\" sizes=\"auto, (max-width: 1200px) 100vw, 1200px\" \/><\/figure>\n\n\n\n<div style=\"height:25px\" aria-hidden=\"true\" class=\"wp-block-spacer\"><\/div>\n\n\n\n<p class=\"has-text-align-center has-x-large-font-size\"><strong>Sophia<\/strong><\/p>\n\n\n\n<div style=\"height:25px\" aria-hidden=\"true\" class=\"wp-block-spacer\"><\/div>\n\n\n\n<figure class=\"wp-block-table has-medium-font-size\"><table class=\"has-fixed-layout\" style=\"border-style:none;border-width:0px\"><tbody><tr><td>Beruf: Sch\u00fclerin<br><br><\/td><\/tr><tr><td>Hobbies: Tennis spielen, skifahren, Feuerwehr<br><br><\/td><\/tr><tr><td>Warum freue ich mich, Festdame zu sein: ich freue mich sehr und bin stolz, Festdame zu sein, weil ich zeigen m\u00f6chte, wie sch\u00f6n unser kleines Dorf ist, wie gut wir zusammenhalten und weil die Feste einfach mega Spa\u00df machen und unvergessliche Momente bringen<br><br><\/td><\/tr><\/tbody><\/table><\/figure>\n<\/div>\n\n\n\n<div class=\"wp-block-column is-vertically-aligned-stretch is-layout-flow wp-container-core-column-is-layout-29f786c9 wp-block-column-is-layout-flow\" style=\"padding-top:var(--wp--preset--spacing--50)\">\n<figure class=\"wp-block-image aligncenter size-full is-resized\"><img loading=\"lazy\" decoding=\"async\" width=\"1200\" height=\"1600\" src=\"https:\/\/feuerwehr-edenbergen.de\/wp-content\/uploads\/2025\/09\/IMG-20250922-WA0013.jpg\" alt=\"Viktoria\" class=\"wp-image-794\" style=\"width:296px;height:auto\" srcset=\"https:\/\/feuerwehr-edenbergen.de\/wp-content\/uploads\/2025\/09\/IMG-20250922-WA0013.jpg 1200w, https:\/\/feuerwehr-edenbergen.de\/wp-content\/uploads\/2025\/09\/IMG-20250922-WA0013-225x300.jpg 225w, https:\/\/feuerwehr-edenbergen.de\/wp-content\/uploads\/2025\/09\/IMG-20250922-WA0013-768x1024.jpg 768w, https:\/\/feuerwehr-edenbergen.de\/wp-content\/uploads\/2025\/09\/IMG-20250922-WA0013-1152x1536.jpg 1152w\" sizes=\"auto, (max-width: 1200px) 100vw, 1200px\" \/><\/figure>\n\n\n\n<div style=\"height:25px\" aria-hidden=\"true\" class=\"wp-block-spacer\"><\/div>\n\n\n\n<p class=\"has-text-align-center has-x-large-font-size\"><strong>Viktoria<\/strong><\/p>\n\n\n\n<div style=\"height:25px\" aria-hidden=\"true\" class=\"wp-block-spacer\"><\/div>\n\n\n\n<figure class=\"wp-block-table has-medium-font-size\"><table class=\"has-fixed-layout\" style=\"border-style:none;border-width:0px\"><tbody><tr><td>Beruf: Ausbildung zur Kauffrau f\u00fcr B\u00fcromanagement<br><\/td><\/tr><tr><td>Hobbies: Feuerwehr Edenbergen &amp; Feuerwehr Gersthofen<br><\/td><\/tr><tr><td>Warum freue ich mich, Festdame zu sein: ich freue mich schon total auf das gro\u00dfe Feuerwehrfest und auf die sch\u00f6nen Momente mit den anderen. Au\u00dferdem liebe ich es die Feuerwehr zur pr\u00e4sentieren<br><br><\/td><\/tr><\/tbody><\/table><\/figure>\n<\/div>\n\n\n\n<div class=\"wp-block-column is-vertically-aligned-stretch is-layout-flow wp-container-core-column-is-layout-29f786c9 wp-block-column-is-layout-flow\" style=\"padding-top:var(--wp--preset--spacing--50)\">\n<figure class=\"wp-block-image aligncenter size-full is-resized\"><img loading=\"lazy\" decoding=\"async\" width=\"1080\" height=\"1350\" src=\"https:\/\/feuerwehr-edenbergen.de\/wp-content\/uploads\/2025\/08\/20250713_171001_0000.png\" alt=\"150 Jahre Freiwillige Feuerwehr Edenbergen 26. - 28. Juni 2026\" class=\"wp-image-78\" style=\"width:314px;height:auto\" srcset=\"https:\/\/feuerwehr-edenbergen.de\/wp-content\/uploads\/2025\/08\/20250713_171001_0000.png 1080w, https:\/\/feuerwehr-edenbergen.de\/wp-content\/uploads\/2025\/08\/20250713_171001_0000-240x300.png 240w, https:\/\/feuerwehr-edenbergen.de\/wp-content\/uploads\/2025\/08\/20250713_171001_0000-819x1024.png 819w, https:\/\/feuerwehr-edenbergen.de\/wp-content\/uploads\/2025\/08\/20250713_171001_0000-768x960.png 768w\" sizes=\"auto, (max-width: 1080px) 100vw, 1080px\" \/><\/figure>\n\n\n\n<div style=\"height:25px\" aria-hidden=\"true\" class=\"wp-block-spacer\"><\/div>\n\n\n\n<p class=\"has-text-align-center has-x-large-font-size\"><strong>Lotta<\/strong><\/p>\n\n\n\n<div style=\"height:25px\" aria-hidden=\"true\" class=\"wp-block-spacer\"><\/div>\n\n\n\n<figure class=\"wp-block-table has-medium-font-size\"><table class=\"has-fixed-layout\" style=\"border-style:none;border-width:0px\"><tbody><tr><td>Beruf: Psychologie<br><br><\/td><\/tr><tr><td>Hobbies: Freunde, Natur, B\u00fccher, Musik<br><br><\/td><\/tr><tr><td>Warum freue ich mich, Festdame zu sein: um meinen Papa stolz zu machen<br><br><\/td><\/tr><\/tbody><\/table><\/figure>\n<\/div>\n<\/div>\n<\/div>\n<\/div><\/div>\n\n\n\n<p><\/p>\n","protected":false},"excerpt":{"rendered":"","protected":false},"author":4,"featured_media":0,"parent":0,"menu_order":0,"comment_status":"closed","ping_status":"closed","template":"","meta":{"footnotes":""},"class_list":["post-501","page","type-page","status-publish","hentry"],"jetpack_sharing_enabled":true,"_links":{"self":[{"href":"https:\/\/feuerwehr-edenbergen.de\/index.php\/wp-json\/wp\/v2\/pages\/501","targetHints":{"allow":["GET"]}}],"collection":[{"href":"https:\/\/feuerwehr-edenbergen.de\/index.php\/wp-json\/wp\/v2\/pages"}],"about":[{"href":"https:\/\/feuerwehr-edenbergen.de\/index.php\/wp-json\/wp\/v2\/types\/page"}],"author":[{"embeddable":true,"href":"https:\/\/feuerwehr-edenbergen.de\/index.php\/wp-json\/wp\/v2\/users\/4"}],"replies":[{"embeddable":true,"href":"https:\/\/feuerwehr-edenbergen.de\/index.php\/wp-json\/wp\/v2\/comments?post=501"}],"version-history":[{"count":20,"href":"https:\/\/feuerwehr-edenbergen.de\/index.php\/wp-json\/wp\/v2\/pages\/501\/revisions"}],"predecessor-version":[{"id":860,"href":"https:\/\/feuerwehr-edenbergen.de\/index.php\/wp-json\/wp\/v2\/pages\/501\/revisions\/860"}],"wp:attachment":[{"href":"https:\/\/feuerwehr-edenbergen.de\/index.php\/wp-json\/wp\/v2\/media?parent=501"}],"curies":[{"name":"wp","href":"https:\/\/api.w.org\/{rel}","templated":true}]}}