{"id":509,"date":"2025-09-16T21:13:16","date_gmt":"2025-09-16T19:13:16","guid":{"rendered":"https:\/\/feuerwehr-edenbergen.de\/?page_id=509"},"modified":"2026-05-04T11:18:39","modified_gmt":"2026-05-04T09:18:39","slug":"mannschaft","status":"publish","type":"page","link":"https:\/\/feuerwehr-edenbergen.de\/index.php\/mannschaft\/","title":{"rendered":"Mannschaft"},"content":{"rendered":"\n<div style=\"height:28px\" aria-hidden=\"true\" class=\"wp-block-spacer\"><\/div>\n\n\n\n<div class=\"wp-block-cover alignfull has-parallax wp-duotone-1c2d4e-abaaaa-1\" style=\"margin-top:0;padding-top:5vw;padding-right:5vw;padding-bottom:5vw;padding-left:5vw;min-height:1205px;aspect-ratio:unset;\"><div role=\"img\" aria-label=\"Ausstattung Feuerwehrauto Freiwilligen Feuerwehr Edenbergen\" class=\"wp-block-cover__image-background wp-image-194 size-large has-parallax\" style=\"background-position:50% 50%;background-image:url(https:\/\/feuerwehr-edenbergen.de\/wp-content\/uploads\/2025\/08\/115_20250521_FF-Edenbergen_STW_EM218325-1024x768.jpg)\"><\/div><span aria-hidden=\"true\" class=\"wp-block-cover__background has-background-dim-20 has-background-dim\" style=\"background-color:#1c2d4e\"><\/span><div class=\"wp-block-cover__inner-container is-layout-flow wp-block-cover-is-layout-flow\">\n<div style=\"height:0px\" aria-hidden=\"true\" class=\"wp-block-spacer\"><\/div>\n\n\n\n<div class=\"wp-block-columns is-layout-flex wp-container-core-columns-is-layout-28f84493 wp-block-columns-is-layout-flex\">\n<div class=\"wp-block-column is-layout-flow wp-block-column-is-layout-flow\" style=\"flex-basis:33.34%\">\n<h2 class=\"wp-block-heading has-text-align-center has-xx-large-font-size\"><strong>Mitglieder: <\/strong><\/h2>\n\n\n\n<p class=\"has-text-align-center has-x-large-font-size\"><strong>45 Aktive<\/strong><\/p>\n<\/div>\n\n\n\n<div class=\"wp-block-column is-layout-flow wp-block-column-is-layout-flow\" style=\"flex-basis:33.34%\">\n<h2 class=\"wp-block-heading has-text-align-center has-xx-large-font-size\"><strong>Jugendliche: <\/strong><\/h2>\n\n\n\n<p class=\"has-text-align-center has-x-large-font-size\">8 Jugendliche<\/p>\n<\/div>\n\n\n\n<div class=\"wp-block-column is-layout-flow wp-block-column-is-layout-flow\" style=\"flex-basis:33.33%\">\n<h2 class=\"wp-block-heading has-text-align-center has-xx-large-font-size\"><strong>Frauenanteil:<mark style=\"background-color:rgba(0, 0, 0, 0);color:#f90000\" class=\"has-inline-color\"> <\/mark><\/strong><\/h2>\n\n\n\n<p class=\"has-text-align-center has-x-large-font-size\"><strong>20% <\/strong><\/p>\n<\/div>\n<\/div>\n\n\n\n<div style=\"height:100px\" aria-hidden=\"true\" class=\"wp-block-spacer\"><\/div>\n\n\n\n<div class=\"wp-block-columns is-layout-flex wp-container-core-columns-is-layout-28f84493 wp-block-columns-is-layout-flex\">\n<div class=\"wp-block-column is-layout-flow wp-block-column-is-layout-flow\" style=\"flex-basis:50%\">\n<figure class=\"wp-block-image size-large\"><img loading=\"lazy\" decoding=\"async\" width=\"1024\" height=\"576\" src=\"https:\/\/feuerwehr-edenbergen.de\/wp-content\/uploads\/2026\/05\/EM216521-Bearbeitet-1024x576.jpg\" alt=\"Gruppenbild Freiwillige Feuerwehr Edenbergen\" class=\"wp-image-1368\" srcset=\"https:\/\/feuerwehr-edenbergen.de\/wp-content\/uploads\/2026\/05\/EM216521-Bearbeitet-1024x576.jpg 1024w, https:\/\/feuerwehr-edenbergen.de\/wp-content\/uploads\/2026\/05\/EM216521-Bearbeitet-300x169.jpg 300w, https:\/\/feuerwehr-edenbergen.de\/wp-content\/uploads\/2026\/05\/EM216521-Bearbeitet-768x432.jpg 768w, https:\/\/feuerwehr-edenbergen.de\/wp-content\/uploads\/2026\/05\/EM216521-Bearbeitet-1536x864.jpg 1536w, https:\/\/feuerwehr-edenbergen.de\/wp-content\/uploads\/2026\/05\/EM216521-Bearbeitet-2048x1152.jpg 2048w\" sizes=\"auto, (max-width: 1024px) 100vw, 1024px\" \/><figcaption class=\"wp-element-caption\">Gruppenbild Freiwillige Feuerwehr Edenbergen<\/figcaption><\/figure>\n\n\n\n<figure class=\"wp-block-image size-large\"><img loading=\"lazy\" decoding=\"async\" width=\"1024\" height=\"768\" src=\"https:\/\/feuerwehr-edenbergen.de\/wp-content\/uploads\/2026\/05\/EM216563-Bearbeitet-1024x768.jpg\" alt=\"Jugendfeuerwehr Edenbergen\" class=\"wp-image-1371\" srcset=\"https:\/\/feuerwehr-edenbergen.de\/wp-content\/uploads\/2026\/05\/EM216563-Bearbeitet-1024x768.jpg 1024w, https:\/\/feuerwehr-edenbergen.de\/wp-content\/uploads\/2026\/05\/EM216563-Bearbeitet-300x225.jpg 300w, https:\/\/feuerwehr-edenbergen.de\/wp-content\/uploads\/2026\/05\/EM216563-Bearbeitet-768x576.jpg 768w, https:\/\/feuerwehr-edenbergen.de\/wp-content\/uploads\/2026\/05\/EM216563-Bearbeitet-1536x1152.jpg 1536w, https:\/\/feuerwehr-edenbergen.de\/wp-content\/uploads\/2026\/05\/EM216563-Bearbeitet-2048x1536.jpg 2048w\" sizes=\"auto, (max-width: 1024px) 100vw, 1024px\" \/><figcaption class=\"wp-element-caption\">Jugendfeuerwehr Edenbergen<\/figcaption><\/figure>\n<\/div>\n\n\n\n<div class=\"wp-block-column is-vertically-aligned-center is-layout-flow wp-block-column-is-layout-flow\" style=\"flex-basis:50%\">\n<p class=\"is-style-default has-large-font-size\"><strong>Die aktive Wehr der Freiwilligen Feuerwehr Edenbergen z\u00e4hlt derzeit 45 engagierte Mitglieder, die sich mit gro\u00dfem Einsatz f\u00fcr die Sicherheit und den Schutz unserer Gemeinde starkmachen. Besonders stolz sind wir auf unseren hohen Frauenanteil: Bereits seit 1975 sind Frauen fester Bestandteil unserer Mannschaft \u2013 und damit war unsere Wehr schon fr\u00fch ein echter Vorreiter im Vergleich zu vielen umliegenden Feuerwehren. Heute liegt der Anteil der Frauen bei 20 %, was die Vielfalt und den Zusammenhalt unserer Gruppe unterstreicht.<\/strong> <\/p>\n\n\n\n<p class=\"has-large-font-size\"><strong>Dar\u00fcber hinaus ist es uns ein gro\u00dfes Anliegen, auch die Jugend an das Feuerwehrwesen heranzuf\u00fchren. Mit aktuell 8 Jugendlichen legen wir den Grundstein f\u00fcr die Zukunft und freuen uns \u00fcber ihr Interesse und ihre Begeisterung f\u00fcr das Ehrenamt.<\/strong><\/p>\n<\/div>\n<\/div>\n\n\n\n<div style=\"height:76px\" aria-hidden=\"true\" class=\"wp-block-spacer\"><\/div>\n\n\n\n<h2 class=\"wp-block-heading has-text-align-center has-xx-large-font-size\"><strong>Retten \/ Bergen \/ L\u00f6schen \/ Sch\u00fctzen<\/strong><\/h2>\n\n\n\n<div class=\"wp-block-group alignfull is-style-default has-global-padding is-layout-constrained wp-container-core-group-is-layout-190373c5 wp-block-group-is-layout-constrained\" style=\"margin-top:0;margin-bottom:0;padding-top:var(--wp--preset--spacing--50);padding-bottom:var(--wp--preset--spacing--50)\">\n<div class=\"wp-block-columns alignwide is-layout-flex wp-container-core-columns-is-layout-cdebebb7 wp-block-columns-is-layout-flex\" style=\"padding-top:0;padding-bottom:0\">\n<div class=\"wp-block-column is-layout-flow wp-container-core-column-is-layout-be95e8ed wp-block-column-is-layout-flow\" style=\"padding-top:0\">\n<figure class=\"wp-block-image size-full\"><img loading=\"lazy\" decoding=\"async\" width=\"2560\" height=\"1920\" src=\"https:\/\/feuerwehr-edenbergen.de\/wp-content\/uploads\/2025\/08\/067_20250521_FF-Edenbergen_STW_EM218226-scaled.jpg\" alt=\"Schlauchtrupp Freiwillige Feuerwehr Edenbergen\" class=\"wp-image-147\" style=\"aspect-ratio:4\/3;object-fit:cover\" srcset=\"https:\/\/feuerwehr-edenbergen.de\/wp-content\/uploads\/2025\/08\/067_20250521_FF-Edenbergen_STW_EM218226-scaled.jpg 2560w, https:\/\/feuerwehr-edenbergen.de\/wp-content\/uploads\/2025\/08\/067_20250521_FF-Edenbergen_STW_EM218226-300x225.jpg 300w, https:\/\/feuerwehr-edenbergen.de\/wp-content\/uploads\/2025\/08\/067_20250521_FF-Edenbergen_STW_EM218226-1024x768.jpg 1024w, https:\/\/feuerwehr-edenbergen.de\/wp-content\/uploads\/2025\/08\/067_20250521_FF-Edenbergen_STW_EM218226-768x576.jpg 768w, https:\/\/feuerwehr-edenbergen.de\/wp-content\/uploads\/2025\/08\/067_20250521_FF-Edenbergen_STW_EM218226-1536x1152.jpg 1536w, https:\/\/feuerwehr-edenbergen.de\/wp-content\/uploads\/2025\/08\/067_20250521_FF-Edenbergen_STW_EM218226-2048x1536.jpg 2048w\" sizes=\"auto, (max-width: 2560px) 100vw, 2560px\" \/><figcaption class=\"wp-element-caption\"><strong>L\u00f6schen<\/strong><\/figcaption><\/figure>\n<\/div>\n\n\n\n<div class=\"wp-block-column is-vertically-aligned-center is-layout-flow wp-container-core-column-is-layout-be95e8ed wp-block-column-is-layout-flow\" style=\"padding-top:0\">\n<figure class=\"wp-block-image size-full\"><img loading=\"lazy\" decoding=\"async\" width=\"2560\" height=\"1920\" src=\"https:\/\/feuerwehr-edenbergen.de\/wp-content\/uploads\/2025\/08\/094_20250521_FF-Edenbergen_STW_EM218308-scaled.jpg\" alt=\"Motors\u00e4ge Freiwillige Feuerwehr Edenbergen\" class=\"wp-image-174\" srcset=\"https:\/\/feuerwehr-edenbergen.de\/wp-content\/uploads\/2025\/08\/094_20250521_FF-Edenbergen_STW_EM218308-scaled.jpg 2560w, https:\/\/feuerwehr-edenbergen.de\/wp-content\/uploads\/2025\/08\/094_20250521_FF-Edenbergen_STW_EM218308-300x225.jpg 300w, https:\/\/feuerwehr-edenbergen.de\/wp-content\/uploads\/2025\/08\/094_20250521_FF-Edenbergen_STW_EM218308-1024x768.jpg 1024w, https:\/\/feuerwehr-edenbergen.de\/wp-content\/uploads\/2025\/08\/094_20250521_FF-Edenbergen_STW_EM218308-768x576.jpg 768w, https:\/\/feuerwehr-edenbergen.de\/wp-content\/uploads\/2025\/08\/094_20250521_FF-Edenbergen_STW_EM218308-1536x1152.jpg 1536w, https:\/\/feuerwehr-edenbergen.de\/wp-content\/uploads\/2025\/08\/094_20250521_FF-Edenbergen_STW_EM218308-2048x1536.jpg 2048w\" sizes=\"auto, (max-width: 2560px) 100vw, 2560px\" \/><figcaption class=\"wp-element-caption\"><strong>Technische Hilfeleistung<\/strong><\/figcaption><\/figure>\n<\/div>\n\n\n\n<div class=\"wp-block-column is-layout-flow wp-container-core-column-is-layout-6fdef475 wp-block-column-is-layout-flow\" style=\"padding-top:0px\">\n<figure class=\"wp-block-image size-full\"><img loading=\"lazy\" decoding=\"async\" width=\"2560\" height=\"1920\" src=\"https:\/\/feuerwehr-edenbergen.de\/wp-content\/uploads\/2025\/08\/058_20250521_FF-Edenbergen_STW_EM226859-scaled.jpg\" alt=\"Verkehrsabsicherung freiwillige Feuerwehr Edenbergen\" class=\"wp-image-138\" srcset=\"https:\/\/feuerwehr-edenbergen.de\/wp-content\/uploads\/2025\/08\/058_20250521_FF-Edenbergen_STW_EM226859-scaled.jpg 2560w, https:\/\/feuerwehr-edenbergen.de\/wp-content\/uploads\/2025\/08\/058_20250521_FF-Edenbergen_STW_EM226859-300x225.jpg 300w, https:\/\/feuerwehr-edenbergen.de\/wp-content\/uploads\/2025\/08\/058_20250521_FF-Edenbergen_STW_EM226859-1024x768.jpg 1024w, https:\/\/feuerwehr-edenbergen.de\/wp-content\/uploads\/2025\/08\/058_20250521_FF-Edenbergen_STW_EM226859-768x576.jpg 768w, https:\/\/feuerwehr-edenbergen.de\/wp-content\/uploads\/2025\/08\/058_20250521_FF-Edenbergen_STW_EM226859-1536x1152.jpg 1536w, https:\/\/feuerwehr-edenbergen.de\/wp-content\/uploads\/2025\/08\/058_20250521_FF-Edenbergen_STW_EM226859-2048x1536.jpg 2048w\" sizes=\"auto, (max-width: 2560px) 100vw, 2560px\" \/><figcaption class=\"wp-element-caption\"><strong>Verkehrsabsicherung<\/strong><\/figcaption><\/figure>\n<\/div>\n<\/div>\n<\/div>\n<\/div><\/div>\n\n\n\n<div style=\"height:33px\" aria-hidden=\"true\" class=\"wp-block-spacer\"><\/div>\n\n\n\n<div style=\"height:28px\" aria-hidden=\"true\" class=\"wp-block-spacer\"><\/div>\n\n\n\n<p class=\"has-large-font-size\"><\/p>\n\n\n\n<p><\/p>\n","protected":false},"excerpt":{"rendered":"","protected":false},"author":4,"featured_media":0,"parent":0,"menu_order":0,"comment_status":"closed","ping_status":"closed","template":"","meta":{"footnotes":""},"class_list":["post-509","page","type-page","status-publish","hentry"],"jetpack_sharing_enabled":true,"_links":{"self":[{"href":"https:\/\/feuerwehr-edenbergen.de\/index.php\/wp-json\/wp\/v2\/pages\/509","targetHints":{"allow":["GET"]}}],"collection":[{"href":"https:\/\/feuerwehr-edenbergen.de\/index.php\/wp-json\/wp\/v2\/pages"}],"about":[{"href":"https:\/\/feuerwehr-edenbergen.de\/index.php\/wp-json\/wp\/v2\/types\/page"}],"author":[{"embeddable":true,"href":"https:\/\/feuerwehr-edenbergen.de\/index.php\/wp-json\/wp\/v2\/users\/4"}],"replies":[{"embeddable":true,"href":"https:\/\/feuerwehr-edenbergen.de\/index.php\/wp-json\/wp\/v2\/comments?post=509"}],"version-history":[{"count":26,"href":"https:\/\/feuerwehr-edenbergen.de\/index.php\/wp-json\/wp\/v2\/pages\/509\/revisions"}],"predecessor-version":[{"id":1380,"href":"https:\/\/feuerwehr-edenbergen.de\/index.php\/wp-json\/wp\/v2\/pages\/509\/revisions\/1380"}],"wp:attachment":[{"href":"https:\/\/feuerwehr-edenbergen.de\/index.php\/wp-json\/wp\/v2\/media?parent=509"}],"curies":[{"name":"wp","href":"https:\/\/api.w.org\/{rel}","templated":true}]}}