{"id":668,"date":"2025-10-08T19:40:00","date_gmt":"2025-10-08T17:40:00","guid":{"rendered":"https:\/\/feuerwehr-edenbergen.de\/?page_id=668"},"modified":"2025-10-08T19:40:00","modified_gmt":"2025-10-08T17:40:00","slug":"chronik-aktive-wehr","status":"publish","type":"page","link":"https:\/\/feuerwehr-edenbergen.de\/index.php\/chronik-aktive-wehr\/","title":{"rendered":"Chronik aktive Wehr"},"content":{"rendered":"\n<div style=\"height:69px\" aria-hidden=\"true\" class=\"wp-block-spacer\"><\/div>\n\n\n\n<div class=\"wp-block-cover alignfull wp-duotone-1c2d4e-abaaaa-1\" style=\"margin-top:0;padding-top:5vw;padding-right:5vw;padding-bottom:5vw;padding-left:5vw\"><img loading=\"lazy\" decoding=\"async\" width=\"1024\" height=\"695\" class=\"wp-block-cover__image-background wp-image-420 size-large\" alt=\"Feuerwehrauto Freiwillige Feuerwehr Edenbergen\" src=\"https:\/\/feuerwehr-edenbergen.de\/wp-content\/uploads\/2025\/09\/20250909_191731-1024x695.jpg\" style=\"object-position:88% 58%\" data-object-fit=\"cover\" data-object-position=\"88% 58%\" srcset=\"https:\/\/feuerwehr-edenbergen.de\/wp-content\/uploads\/2025\/09\/20250909_191731-1024x695.jpg 1024w, https:\/\/feuerwehr-edenbergen.de\/wp-content\/uploads\/2025\/09\/20250909_191731-300x204.jpg 300w, https:\/\/feuerwehr-edenbergen.de\/wp-content\/uploads\/2025\/09\/20250909_191731-768x521.jpg 768w, https:\/\/feuerwehr-edenbergen.de\/wp-content\/uploads\/2025\/09\/20250909_191731-1536x1042.jpg 1536w, https:\/\/feuerwehr-edenbergen.de\/wp-content\/uploads\/2025\/09\/20250909_191731-2048x1390.jpg 2048w\" sizes=\"auto, (max-width: 1024px) 100vw, 1024px\" \/><span aria-hidden=\"true\" class=\"wp-block-cover__background has-background-dim-60 has-background-dim\" style=\"background-color:#1c2d4e\"><\/span><div class=\"wp-block-cover__inner-container is-layout-flow wp-block-cover-is-layout-flow\">\n<div class=\"wp-block-columns is-layout-flex wp-container-core-columns-is-layout-28f84493 wp-block-columns-is-layout-flex\">\n<div class=\"wp-block-column is-style-default is-layout-flow wp-block-column-is-layout-flow\" style=\"flex-basis:33.33%\">\n<figure class=\"wp-block-image size-large\"><img loading=\"lazy\" decoding=\"async\" width=\"1024\" height=\"768\" src=\"https:\/\/feuerwehr-edenbergen.de\/wp-content\/uploads\/2025\/08\/IMG-20250706-WA0006-1024x768.jpg\" alt=\"Hilfeleistungskontingent Th\u00fcrungen Freiwillige Feuerwehr Edenbergen &amp; Rettenbergen\" class=\"wp-image-349\" srcset=\"https:\/\/feuerwehr-edenbergen.de\/wp-content\/uploads\/2025\/08\/IMG-20250706-WA0006-1024x768.jpg 1024w, https:\/\/feuerwehr-edenbergen.de\/wp-content\/uploads\/2025\/08\/IMG-20250706-WA0006-300x225.jpg 300w, https:\/\/feuerwehr-edenbergen.de\/wp-content\/uploads\/2025\/08\/IMG-20250706-WA0006-768x576.jpg 768w, https:\/\/feuerwehr-edenbergen.de\/wp-content\/uploads\/2025\/08\/IMG-20250706-WA0006-1536x1152.jpg 1536w, https:\/\/feuerwehr-edenbergen.de\/wp-content\/uploads\/2025\/08\/IMG-20250706-WA0006-2048x1536.jpg 2048w\" sizes=\"auto, (max-width: 1024px) 100vw, 1024px\" \/><figcaption class=\"wp-element-caption\">Hilfeleistungskontingent Th\u00fcrungen Freiwillige Feuerwehr Edenbergen &amp; Rettenbergen<\/figcaption><\/figure>\n\n\n\n<figure class=\"wp-block-image size-large\"><img loading=\"lazy\" decoding=\"async\" width=\"768\" height=\"1024\" src=\"https:\/\/feuerwehr-edenbergen.de\/wp-content\/uploads\/2025\/08\/IMG-20250707-WA0060-768x1024.jpg\" alt=\"Hilfeleistungskontingent Th\u00fcrungen Freiwillige Feuerwehr Edenbergen &amp; Rettenbergen\" class=\"wp-image-346\" srcset=\"https:\/\/feuerwehr-edenbergen.de\/wp-content\/uploads\/2025\/08\/IMG-20250707-WA0060-768x1024.jpg 768w, https:\/\/feuerwehr-edenbergen.de\/wp-content\/uploads\/2025\/08\/IMG-20250707-WA0060-225x300.jpg 225w, https:\/\/feuerwehr-edenbergen.de\/wp-content\/uploads\/2025\/08\/IMG-20250707-WA0060-1152x1536.jpg 1152w, https:\/\/feuerwehr-edenbergen.de\/wp-content\/uploads\/2025\/08\/IMG-20250707-WA0060.jpg 1536w\" sizes=\"auto, (max-width: 768px) 100vw, 768px\" \/><figcaption class=\"wp-element-caption\">Hilfeleistungskontingent Th\u00fcrungen Freiwillige Feuerwehr Edenbergen &amp; Rettenbergen<\/figcaption><\/figure>\n\n\n\n<figure class=\"wp-block-image size-large\"><img loading=\"lazy\" decoding=\"async\" width=\"768\" height=\"1024\" src=\"https:\/\/feuerwehr-edenbergen.de\/wp-content\/uploads\/2025\/08\/20250428_205300-768x1024.jpg\" alt=\"Maschinist der freiwillige Feuerwehr Edenbergen\" class=\"wp-image-226\" srcset=\"https:\/\/feuerwehr-edenbergen.de\/wp-content\/uploads\/2025\/08\/20250428_205300-768x1024.jpg 768w, https:\/\/feuerwehr-edenbergen.de\/wp-content\/uploads\/2025\/08\/20250428_205300-225x300.jpg 225w, https:\/\/feuerwehr-edenbergen.de\/wp-content\/uploads\/2025\/08\/20250428_205300-1152x1536.jpg 1152w, https:\/\/feuerwehr-edenbergen.de\/wp-content\/uploads\/2025\/08\/20250428_205300-1536x2048.jpg 1536w, https:\/\/feuerwehr-edenbergen.de\/wp-content\/uploads\/2025\/08\/20250428_205300-scaled.jpg 1920w\" sizes=\"auto, (max-width: 768px) 100vw, 768px\" \/><figcaption class=\"wp-element-caption\">Maschinist der freiwillige Feuerwehr Edenbergen <\/figcaption><\/figure>\n\n\n\n<figure class=\"wp-block-image size-large\"><img loading=\"lazy\" decoding=\"async\" width=\"1024\" height=\"768\" src=\"https:\/\/feuerwehr-edenbergen.de\/wp-content\/uploads\/2025\/08\/081_20250521_FF-Edenbergen_STW_EM218268-1024x768.jpg\" alt=\"Angriffstrupp Freiwillige Feuerwehr Edenbergen\" class=\"wp-image-161\" srcset=\"https:\/\/feuerwehr-edenbergen.de\/wp-content\/uploads\/2025\/08\/081_20250521_FF-Edenbergen_STW_EM218268-1024x768.jpg 1024w, https:\/\/feuerwehr-edenbergen.de\/wp-content\/uploads\/2025\/08\/081_20250521_FF-Edenbergen_STW_EM218268-300x225.jpg 300w, https:\/\/feuerwehr-edenbergen.de\/wp-content\/uploads\/2025\/08\/081_20250521_FF-Edenbergen_STW_EM218268-768x576.jpg 768w, https:\/\/feuerwehr-edenbergen.de\/wp-content\/uploads\/2025\/08\/081_20250521_FF-Edenbergen_STW_EM218268-1536x1152.jpg 1536w, https:\/\/feuerwehr-edenbergen.de\/wp-content\/uploads\/2025\/08\/081_20250521_FF-Edenbergen_STW_EM218268-2048x1536.jpg 2048w\" sizes=\"auto, (max-width: 1024px) 100vw, 1024px\" \/><figcaption class=\"wp-element-caption\">Angriffstrupp Freiwillige Feuerwehr Edenbergen<\/figcaption><\/figure>\n<\/div>\n\n\n\n<div class=\"wp-block-column is-layout-flow wp-block-column-is-layout-flow\" style=\"flex-basis:66.66%\">\n<ul class=\"wp-block-list\">\n<li>2025 \u2013 Unterst\u00fctzung beim Hilfeleistungskontingent in Th\u00fcringen<\/li>\n\n\n\n<li>2024 \u2013 Spatenstich f\u00fcr das neue Feuerwehrhaus<\/li>\n\n\n\n<li>2024 \u2013 Hochwasser in den umliegenden D\u00f6rfern<\/li>\n\n\n\n<li>2023 \u2013 Brand bei der M\u00fcllverwertungsanlage<\/li>\n\n\n\n<li>2023 \u2013 Brand im Industriepark Gersthofen<\/li>\n\n\n\n<li>2022 \u2013 Dachstuhlbrand in Edenbergen mit rund 120 Einsatzkr\u00e4ften aus der Umgebung<\/li>\n\n\n\n<li>2016 \u2013 Bombenfund in Augsburg mit Evakuierung<\/li>\n\n\n\n<li>2011 \u2013 Explosion bei Feuerwerksfirma Sauer<\/li>\n\n\n\n<li>2005 \u2013 Hochwasser Gailenbach<\/li>\n\n\n\n<li>2001 \u2013 Brand im Mehrfamilienhaus mit vermisster Person<\/li>\n\n\n\n<li>1998 \u2013 \u00dcbergabe eines neuen L\u00f6schgruppenfahrzeugs LF 8\/6.<\/li>\n\n\n\n<li>1980er \u2013 Einf\u00fchrung von schwerem Atemschutz, neue Ger\u00e4te, Umbau des Ger\u00e4tehauses.<\/li>\n\n\n\n<li>1976 \u2013 Gro\u00dfes 100-j\u00e4hriges Gr\u00fcndungsfest; \u00dcbergabe eines L\u00f6schfahrzeugs LF 8.<\/li>\n\n\n\n<li>1975 \u2013 Einf\u00fchrung einer Damengruppe (erstmals in Friedenszeiten)<\/li>\n\n\n\n<li>1975 \u2013 Beginn der Vorbereitungen f\u00fcr das 100-j\u00e4hrige Jubil\u00e4um; Jugendarbeit verst\u00e4rkt<\/li>\n\n\n\n<li>1958 \u2013 Neuer Tragkraftspritzenanh\u00e4nger mit Pumpe.<\/li>\n\n\n\n<li>1955 \u2013 Mitgliederzahl erreicht wieder Vorkriegsstand von 1913 (34 Aktive).<\/li>\n\n\n\n<li>1945 \u2013 Nach Kriegsende Reorganisation unter amerikanischer Besatzung; \u00dcbernahme einer Motorspritze<\/li>\n\n\n\n<li>1944 \u2013 Wegen Einberufung mussten Frauen und M\u00e4dchen den Gro\u00dfteil wieder \u00fcbernehmen<\/li>\n\n\n\n<li>1938 \u2013 Integration in die Ordnungspolizei; Verein wird aufgel\u00f6st.<\/li>\n\n\n\n<li>1934 \u2013 Bezug des zweiten Feuerwehrhauses<\/li>\n\n\n\n<li>1933 \u2013 Gro\u00dfbrand in der Gailenbacher M\u00fchle, mehrere Geb\u00e4ude zerst\u00f6rt.<\/li>\n\n\n\n<li>1931 \u2013 Feuerwehrfest (gefeiert wurde das 50. j\u00e4hrige Jubil\u00e4um)<\/li>\n\n\n\n<li>1930 \u2013 Vollst\u00e4ndige Uniformierung<\/li>\n\n\n\n<li>1922 \u2013 Erster dokumentierter Waldbrandeinsatz<\/li>\n\n\n\n<li>1920 \u2013 Zimmerbrand in Edenbergen, weitere Eins\u00e4tze in Nachbargemeinden.<\/li>\n\n\n\n<li>1918 \u2013 14 \u201ej\u00fcngere kr\u00e4ftige M\u00e4dchen\u201c erkl\u00e4rten sich bereit beim Brandschutz mitzuarbeiten<\/li>\n\n\n\n<li>1914\u20131918 \u2013 1. Weltkrieg. Durch Einberufung nur noch 9 bzw. 5 statt fast 40 Aktive<\/li>\n\n\n\n<li>1911 \u2013 Anschluss an das Wasserversorgungssystem (Loderberg) und Installation von Hydranten (7 in Edenbergen, 3 in Gailenbach, 1 bei der Gailenbacher M\u00fchle)<\/li>\n\n\n\n<li>1906 \u2013 Erstes Feuerwehrfest in Edenbergen (gefeiert wurde das 25. j\u00e4hrige Jubil\u00e4um)<\/li>\n\n\n\n<li>1887 \u2013 Erste offizielle Inspektion mit einem \u201edurchweg positivem Zeugnis\u201c<\/li>\n\n\n\n<li>1886 \u2013 Bezug des ersten Feuerwehrhauses<\/li>\n\n\n\n<li>1886 \u2013 Erstes Feuerwehrball, Beginn der gesellschaftlichen Rolle der Wehr.<\/li>\n\n\n\n<li>1885 \u2013 Erster gro\u00dfer Einsatz: Stallbrand in T\u00e4fertingen<\/li>\n\n\n\n<li>1881 \u2013 Offizielle \u00dcbernahme des Brandschutzes durch die Freiwillige Feuerwehr<\/li>\n\n\n\n<li>1879 \u2013 Gro\u00dfbrand in Edenbergen zerst\u00f6rt ein Wohnhaus; Wendepunkt in der Akzeptanz der Wehr<\/li>\n\n\n\n<li>1875 \u2013 Gr\u00fcndung der Freiwilligen Feuerwehr Edenbergen vermutlich auf Anregung des k\u00f6niglichen Bezirksamts Augsburg<\/li>\n<\/ul>\n<\/div>\n<\/div>\n<\/div><\/div>\n\n\n\n<p><\/p>\n","protected":false},"excerpt":{"rendered":"","protected":false},"author":3,"featured_media":0,"parent":0,"menu_order":0,"comment_status":"closed","ping_status":"closed","template":"","meta":{"footnotes":""},"class_list":["post-668","page","type-page","status-publish","hentry"],"jetpack_sharing_enabled":true,"_links":{"self":[{"href":"https:\/\/feuerwehr-edenbergen.de\/index.php\/wp-json\/wp\/v2\/pages\/668","targetHints":{"allow":["GET"]}}],"collection":[{"href":"https:\/\/feuerwehr-edenbergen.de\/index.php\/wp-json\/wp\/v2\/pages"}],"about":[{"href":"https:\/\/feuerwehr-edenbergen.de\/index.php\/wp-json\/wp\/v2\/types\/page"}],"author":[{"embeddable":true,"href":"https:\/\/feuerwehr-edenbergen.de\/index.php\/wp-json\/wp\/v2\/users\/3"}],"replies":[{"embeddable":true,"href":"https:\/\/feuerwehr-edenbergen.de\/index.php\/wp-json\/wp\/v2\/comments?post=668"}],"version-history":[{"count":2,"href":"https:\/\/feuerwehr-edenbergen.de\/index.php\/wp-json\/wp\/v2\/pages\/668\/revisions"}],"predecessor-version":[{"id":851,"href":"https:\/\/feuerwehr-edenbergen.de\/index.php\/wp-json\/wp\/v2\/pages\/668\/revisions\/851"}],"wp:attachment":[{"href":"https:\/\/feuerwehr-edenbergen.de\/index.php\/wp-json\/wp\/v2\/media?parent=668"}],"curies":[{"name":"wp","href":"https:\/\/api.w.org\/{rel}","templated":true}]}}